n divisor of k and 4?
1
Let i be (-6)/4*(-18 - -2). What is the highest common factor of i and 12?
12
Let w(l) = -29*l - 108. Let p be w(-10). Calculate the highest common divisor of 52 and p.
26
Let d = 227 - 210. What is the greatest common factor of d and 629?
17
Suppose 5*w - 3*c - 981 = 0, -5*c = -3*w - 3*c + 588. Let o be 1110/(-50) + (-1)/(-5). Let j = o + 40. Calculate the greatest common factor of j and w.
18
Let y be (11 - (-8 + 4)) + -4. Suppose -64*v = -60*v - 396. What is the greatest common factor of v and y?
11
Suppose 0 = -4*s + 1440 + 2252. Calculate the highest common divisor of 13 and s.
13
Suppose -2*z = 2, 0 = -0*x + x + 4*z - 3. Suppose -x*w + 3*w + 108 = 0. What is the greatest common divisor of 297 and w?
27
Suppose 17*o + 95 = 4*m + 22*o, -106 = -5*m - 2*o. What is the greatest common factor of m and 320?
20
Suppose -45*a + h - 291 = -50*a, -a = -5*h - 79. What is the highest common divisor of a and 944?
59
Suppose -2*m = -2*t + 16, -2*m = -3*m. Suppose -t*a = 152 - 504. Calculate the highest common divisor of 11 and a.
11
Let k = 634 - 1106. Let s = 682 + k. Let i be 312/60 + (-3)/15 + 25. Calculate the highest common divisor of i and s.
30
Let d = -18 + 19. Let x be (-14)/(-1)*1*d. What is the highest common divisor of 112 and x?
14
Suppose 237 = -5*w + 262, 5*w = 5*d - 1445. What is the highest common divisor of 126 and d?
42
Suppose 0 = s + 3, -3*s - 2142 = -2*g + 335. Let b be 5/(-20) - g/(-8). What is the highest common factor of 22 and b?
22
Suppose -14*t + 992 = -6*t. What is the greatest common divisor of t and 62?
62
Let n be (0 + 3 + -1)*147/6. Suppose 4*z = 4*j - 292, -z + n = j - 32. What is the greatest common divisor of 11 and j?
11
Let p = 492 - 444. Calculate the greatest common divisor of 276 and p.
12
Suppose 4*j + r - 24 = 0, 0 = -j + 2*j + 2*r + 1. Let d = j + 1. What is the greatest common factor of d and 88?
8
Let a = -761 + 821. What is the greatest common factor of 160 and a?
20
Let u be 29*2 + (2 - 0). Suppose -t + 25 = 4*r - 76, 0 = 4*t - 20. What is the greatest common factor of r and u?
12
Suppose -1 - 6 = -p. Let w(u) = -40*u**3 + 131*u**3 + 4 + u - 7*u**2 - 47*u**3 - 43*u**3. Let j be w(p). Calculate the highest common factor of j and 11.
11
Suppose 5*i - d = 528, -2*i = -12*d + 7*d - 202. Calculate the greatest common divisor of i and 2014.
106
Let m be 4 - (3 + 1 + -2). Let q be (-1 + 0)/(m/(-20)). What is the greatest common divisor of q and 110?
10
Suppose -3*k + 3*r = 488 - 5609, -5*r + 3421 = 2*k. What is the greatest common factor of k and 56?
28
Let s(u) = 5*u**3 - 3*u**2 + u + 1. Let t be s(1). Suppose -5*z - t*r + 135 = r, -2*z + 5*r = -61. What is the highest common divisor of 70 and z?
14
Suppose -4*r + r + 3*j - 18 = 0, 20 = -5*r + 3*j. Let v be (r/(-3))/(6/198). What is the greatest common factor of 77 and v?
11
Let m be (-2)/((-2)/135) + -2 + 2. Calculate the highest common factor of 15 and m.
15
Let z(m) = -2*m + 4. Let w be z(7). Let v be 4/20 - 898/w. Let h = -5 - -41. What is the highest common divisor of v and h?
18
Let k(l) = l**2 + 12*l + 12. Let w be (-65)/7 - (-4)/14. Let m be k(w). Let j be (-406)/(-12) - m/90. What is the greatest common divisor of 17 and j?
17
Suppose -5*o = -2*s - 1271, 0 = -9*o + 6*o + 2*s + 765. Calculate the highest common divisor of o and 115.
23
Let d(y) = -30*y**2 + 4*y - 6. Let a(g) = g**2 - g. Let n(q) = -3*a(q) - d(q). Let w be n(2). Calculate the greatest common factor of 16 and w.
16
Suppose 6*b + 4*s = 4*b - 16, b - 5*s = 20. Let z = -28 + 28. Suppose b*g + 3*g + 3*m - 90 = z, 5*m - 123 = -4*g. What is the greatest common factor of g and 9?
9
Let p(y) = -y**3 - 3*y**2 - 3*y - 9. Let i be p(-4). Let w be (-2301)/(-11) + (4/(-22) - 0). What is the greatest common divisor of i and w?
19
Let g be ((-24)/(-5))/(68/13430). Calculate the greatest common divisor of 12 and g.
12
Suppose 4 = c - 0*c. Suppose c*n - 665 = 127. Suppose 59 - 5 = 3*a. Calculate the greatest common divisor of a and n.
18
Let p(i) = i**2 + 16. Let f be p(0). Let z = 22 - f. Suppose -5*k = z - 106. Calculate the highest common factor of 5 and k.
5
Suppose 0 = 4*c - 5*m - 476, -5*m + 379 = 3*c - 13. What is the highest common divisor of c and 8?
4
Suppose 27*s = 38*s - 5225. Calculate the greatest common divisor of s and 25.
25
Let k = 500 - -370. Calculate the greatest common factor of k and 20.
10
Let b(l) = -28*l + 5*l - 28*l + 9*l + 10. Let y be b(-6). Suppose 5*n = c + 429 - 163, 2*c + y = 5*n. What is the greatest common divisor of n and 6?
6
Let l be (-1)/(2/(-36)*2). Let t be -2*(-4)/(-16)*-6. Suppose s + 30 = 3*g + 8, t*s = 15. What is the greatest common divisor of g and l?
9
Let k(b) = -87*b**2 + b - 2. Let p be k(1). Let n = p - -148. Calculate the greatest common divisor of 20 and n.
20
Let h(w) = -w**3 + 5*w**2 + 13*w - 39. Let p be h(6). What is the highest common factor of p and 9?
3
Suppose 4*s - 192 = 20. Let l = s + 12. Suppose -23*g + 78 = 3*h - 20*g, -3*h + 78 = g. Calculate the greatest common divisor of h and l.
13
Suppose -2*u = -5*u + d - 30, 5*u = d - 52. Let o(l) = l**3 + 11*l**2 - 4*l + 10. Let g be o(u). What is the greatest common divisor of 135 and g?
27
Let t(v) = 58*v - 8. Let k be t(7). Suppose -k = -3*c + 202. Suppose 0 = -u + 5, 3*u - 45 = -d - 2*u. What is the highest common factor of c and d?
20
Let u(p) = -78*p + 717. Let l be u(9). Calculate the greatest common divisor of l and 3615.
15
Let o(s) = s + 2. Let g be o(-2). Suppose -2*n + 1 + 9 = g. Suppose -5*z = 2*j - 190, -n*z + z + j + 139 = 0. Calculate the highest common factor of z and 12.
12
Suppose 0 = j + 5*p - 223, -5*j = -3*p + 223 - 1198. Let u = -154 - -82. Let f be (u/10)/((-6)/15). Calculate the highest common factor of j and f.
18
Let c(l) = l**3 + 5*l**2 + 18*l + 131. Let m be c(-5). Calculate the greatest common divisor of m and 4756.
41
Let c = 674 + -254. What is the highest common divisor of 24 and c?
12
Let y(l) = 2*l + 268. Let v be y(-15). What is the greatest common divisor of 102 and v?
34
Suppose 915 = 4*c - 3*p, -4*c - 4*p + 918 = -6*p. Let k be (-20)/(-4)*c/5. Calculate the highest common divisor of k and 21.
21
Let r(j) = j**2 + 7*j + 12. Let v be r(-3). Suppose v = 2*p + y - 40, -3*p - 5*y + 86 = p. What is the greatest common divisor of p and 19?
19
Let t be 3*(-2)/3 - 90/(-3). Suppose p + 3*p - 4*q - 36 = 0, 3*p = 4*q + t. What is the greatest common factor of 72 and p?
8
Suppose 35 = q + 5*k, k - 11 = -5*q + 140. What is the greatest common factor of q and 255?
15
Let n(z) = -29*z - 293. Let m be n(-12). Calculate the highest common factor of 121 and m.
11
Let i(r) = r**3 - 2*r**2 - 24*r + 15. Let b be i(6). What is the greatest common divisor of b and 9?
3
Suppose 0*i + 3*i = 36. Suppose 41*r = 47*r - 72. What is the highest common factor of i and r?
12
Let z be 3 + -1 + 3 + -1. Suppose -4*g + 3*g = z*r - 87, -3*g = 4*r - 93. Let i(t) = -83*t + 1. Let h be i(-1). What is the greatest common divisor of r and h?
21
Let n(y) be the second derivative of y**3/6 - 5*y**2/2 - 9*y. Let v be n(7). Calculate the greatest common factor of 5 and v.
1
Let m be (-2)/10 + 3724/245. Suppose 0 = -k + 27 + 33. Calculate the greatest common factor of k and m.
15
Suppose 8 = -12*r - 28. Let u be 12/(-3) - (1 - -1). Let s be 25 + (u - r - -2). What is the greatest common divisor of s and 36?
12
Let h(f) = -84*f - 7*f + 1 - 2. Let p be h(-4). Calculate the highest common factor of 33 and p.
33
Suppose -219 = -4*v + 7*v. Let z be (2 - 1) + -1 + v. Let x = z + 153. What is the highest common factor of 10 and x?
10
Let u = 146 + -135. Let c(n) = 15*n**3 + n**2 - n - 1. Suppose -8 = -3*b - 2. Let h be c(b). What is the greatest common factor of h and u?
11
Let c(o) = -3*o - 4*o**2 - 2*o**2 - 2*o**3 + o**3 + 8 + 2*o**3. Let x be c(8). Let l = -33 - -47. Calculate the highest common factor of l and x.
14
Suppose 59*x + 52 = 63*x. Calculate the greatest common factor of 637 and x.
13
Suppose 0 = 4*c + 5*d - 167, 4*d - 5*d + 214 = 5*c. Suppose -2*j + c = -u - 0*u, -3*u = -j + 34. Calculate the greatest common divisor of j and 152.
19
Let z be (-1)/(-3) + 531/27. Suppose 7*w - z = 2*w. Suppose 0*r - 4*r = -2*b - 20, -4*r + b = -18. What is the highest common factor of r an